p is divided by 11?
10
Suppose -10*c + 912 = 6*c. What is the remainder when 174 is divided by c?
3
What is the remainder when 319 is divided by (9/6 + 0)/(3/80)?
39
Suppose -2*a = -4*j + 26, 7 = j - 6*a + 5*a. Calculate the remainder when 165 is divided by j.
3
Let t = 343 - 170. Let y = -8 + t. What is the remainder when y is divided by 42?
39
Let r(p) = 11*p**2 + 3*p + 3. Suppose 11 - 19 = 4*c. Suppose 63 = 5*k - 4*o, -2*k - 47 = -7*k - 4*o. What is the remainder when r(c) is divided by k?
8
Suppose -16 = -4*c, 2*r + 2*r = -2*c + 48. Calculate the remainder when 3/3 - 104/120 - 28825/(-375) is divided by r.
7
Suppose 4*n - 21 - 15 = 0. Let w be 2 - (-5)/2*(-4)/(-5). Let a = w + n. What is the remainder when 23 is divided by a?
10
Let a(r) = -27*r**3 + 2*r + 1. Suppose 200 = 8*c - 200. Calculate the remainder when c is divided by a(-1).
24
Calculate the remainder when ((-435)/6)/((-6)/24) is divided by 37.
31
Calculate the remainder when 100 + -4*(5 + (-38)/8) is divided by 37.
25
Calculate the remainder when 317 is divided by 2/(-1) + 17 + 5.
17
What is the remainder when 51 is divided by (-532)/(-42)*(12/(-8) + 3)?
13
Let j(y) = 6*y**2 + 9*y + 23. Calculate the remainder when j(-3) is divided by 13.
11
Calculate the remainder when (-31)/((3/10)/(36/(-24))) is divided by 52.
51
Suppose -k + 6 = 2*t, -5*k - 5*t = -4 - 16. Suppose o = -5*j + 8 + 20, -o = -k*j - 42. What is the remainder when o is divided by 10?
8
Let n(x) = -x**3 + 12*x**2 - 13*x + 25. Let g be n(11). Suppose -g*z = -5*o - 179, -3*z + z - 5*o = -86. What is the remainder when z is divided by 8?
5
Let a(r) = 16*r**2 + 2*r - 1. Let x be a(1). Suppose 0*l = 3*l + 4*m - 41, l = 2*m + x. Let n = l - -9. What is the remainder when n is divided by 13?
11
What is the remainder when 167 is divided by 2/18 - 2314/(-234)?
7
Let k(q) = 18*q**2 - q - 1. Calculate the remainder when k(-1) is divided by 8/2*(22/(-11) + 4).
2
Let s be -1*((-37)/(-3))/(1/3). Let z = 53 + s. What is the remainder when 78 is divided by z?
14
Let n = 42 + -21. Let x = 358 + -254. Suppose 5*o = 6*o - x. What is the remainder when o is divided by n?
20
Let a(d) = -3*d + 4. Let f = 11223 + -11134. Calculate the remainder when f is divided by a(-3).
11
Suppose 0 = -h + 9 + 2. Suppose -h - 2 = r. Let t = 6 - r. What is the remainder when 35 is divided by t?
16
Suppose -t + 0 - 34 = -4*y, 5*y - 4*t - 48 = 0. Suppose 7*h - 118 = y. Let o = h + -4. What is the remainder when o is divided by 5?
4
Suppose -2*d = 13 + 5. Let f be 11 + d - (-1 - -1). Suppose a - 5*w + 18 = f*a, 5*w = 0. Calculate the remainder when a is divided by 5.
3
Let a = -3 + 9. Let s be 2/(-9) + (-184)/(-18) + -3. Suppose -17 = -a*g + s. Calculate the remainder when g is divided by 1.
0
Let d = 9 - 6. Let n(x) = x**3 + 9*x**2 + 8*x + 4. Let f be n(-8). Suppose s - 20 = f*p, 4*s = -s + 3*p + 49. Calculate the remainder when s is divided by d.
2
Let k(f) be the third derivative of -11*f**6/120 + f**5/30 + f**4/8 + f**3/3 + 25*f**2. Calculate the remainder when 46 is divided by k(-1).
10
Suppose 25*m - 4*f = 22*m + 165, -3*f - 275 = -5*m. Calculate the remainder when m is divided by 12.
7
Let r = 75 - 38. Let a(f) = -f**3 - f**2 + 2*f - 2. Calculate the remainder when r is divided by a(-3).
7
Let f(u) be the third derivative of u**4/8 - 2*u**3/3 - 26*u**2. Calculate the remainder when 84 is divided by f(11).
26
Suppose -10*v = -4*b - 15*v + 109, -5*v = -2*b + 77. Suppose 2*p + 93 = 3*p + w, 178 = 2*p - 2*w. Calculate the remainder when p is divided by b.
29
Suppose -408 + 109 = -23*h. What is the remainder when 246 is divided by h?
12
Let q(g) = g**2 + 16*g + 15. Let z be q(-13). Let x = 62 + z. Calculate the remainder when 151 is divided by x.
37
Let r be (0 - 0)*(-3)/6. Suppose -a + r*a - 19 = -d, 16 = d - 4*a. Calculate the remainder when 37 is divided by d.
17
Suppose -10*l + 38 + 92 = 0. Calculate the remainder when 107 is divided by l.
3
Suppose 3*w = -0*w + 78. Suppose 23*l - w*l = -42. Calculate the remainder when 82 is divided by l.
12
Let g(a) be the first derivative of -3*a**2/2 - 14*a - 11. Calculate the remainder when 74 is divided by g(-11).
17
Let f(u) = 2*u**3 - 7*u**2 - u - 6. Calculate the remainder when f(5) is divided by -5 - (-5 + 5 + -27).
20
Suppose -2*t = -0*g + 2*g - 422, 5*g - t - 1025 = 0. What is the remainder when g is divided by 52?
50
What is the remainder when (-216)/(-10)*(-510)/(-204) is divided by 8?
6
Let k be 1/(-2) - (-189)/18. Suppose -5*c + 4*h = -k*c - 8, 5*c + 23 = h. Let l(x) = x**3 + 4*x**2 - x + 3. What is the remainder when 18 is divided by l(c)?
4
Suppose 0 + 12 = 3*s. What is the remainder when -11*(1 + (-168)/88) is divided by s?
2
Let h(v) be the first derivative of -v**2 - 6*v - 2. Let y(n) = n**3 - 51*n**2 - 51*n - 21. What is the remainder when y(52) is divided by h(-7)?
7
Calculate the remainder when 89 is divided by ((-200)/(-16) + -7 + -6)*-38.
13
Let x(i) = -i**2 + 13*i - 10. Suppose -l + 4*a + 2 = 5, -7 = -l - a. Let r be x(l). What is the remainder when 33 is divided by -1*r/(-2) - 3?
9
Suppose 2*m - 3*m = -3*j + 98, -5*m + 4*j = 446. Let o = -69 - m. Calculate the remainder when 63 is divided by o.
12
Let d = 694 + -685. Suppose -16 = s + 5*c, -2*c + 16 = -4*s + 40. Suppose 120 = s*o + 32. What is the remainder when o is divided by d?
4
Let z(o) = 3*o + 5. Let q be z(-6). Let y be 72*(-2 + q/(-4)). Suppose 3*k - y = 6. Calculate the remainder when k is divided by 11.
10
Suppose -y = -6*y + 125. Let o(g) = 3*g**2 + 2*g - 4. Let q be o(-4). Suppose -2*m + 15 = j, 5*j + 5*m - q = 24. Calculate the remainder when y is divided by j.
7
Let c = 2351 - 2007. Calculate the remainder when c is divided by 3.
2
Let v = -18 - -39. Suppose g = 5, -3*g + 7 = -z - 3. Calculate the remainder when v is divided by z.
1
Suppose 5*x - 20 = -5*h, -4*h + 5 = -x - 1. Let m(q) = q**3 + 3*q**2 - 3*q + 5. Calculate the remainder when m(x) is divided by 6.
1
Let x = -11 - -15. Suppose 0*d - 35 = -5*d - 3*q, 2*d + 12 = x*q. Suppose -5*m + 50 = -d*j, 4*m - 16 - 24 = 3*j. What is the remainder when 26 is divided by m?
6
Calculate the remainder when (262/5)/(14/1960*14) is divided by 88.
84
Suppose -220 = -m + 146. Suppose 5*x - 2*k - m = 0, 2*x = k + 52 + 94. What is the remainder when x is divided by 19?
17
Let k(u) = -8*u + 4. Let v be k(-4). Let z = -28 + v. What is the remainder when 38 is divided by z?
6
Suppose -w = -1 - 38. What is the remainder when 544 is divided by w?
37
Suppose -4*i + 2*u + 189 = -3*u, -190 = -5*i - 3*u. Let j = 21 - 8. Suppose -10*l + j*l = 66. Calculate the remainder when i is divided by l.
19
Suppose 67 = -15*g + 307. Calculate the remainder when (1 - 1)/2 - -95 is divided by g.
15
Let q be ((-18)/7)/(11/(-154)). Suppose 2*l = 6*l - q. What is the remainder when l is divided by 3?
0
Let x(z) = z**2 + 10*z - 1. Let q = -21 + 11. What is the remainder when x(-14) is divided by (-6)/15 - 144/q?
13
Let t(h) = h**3 + 8*h**2 - 2*h. Suppose -3*s - 7 = 17. Calculate the remainder when 95 is divided by t(s).
15
Let x(k) = 87*k - 85. What is the remainder when x(5) is divided by 16?
14
Calculate the remainder when 206 is divided by (-2432)/(-58) + 184/2668.
38
Calculate the remainder when 16 is divided by 3/9*(2 + (-4 - -14)).
0
Let c(z) be the first derivative of z**3/3 - z**2 - 3*z + 14. Let j be c(5). What is the remainder when 39 is divided by (60/(-36))/((-2)/j)?
9
What is the remainder when 56 is divided by (12 - -5) + 30/(-6)?
8
Suppose 4*k = -f + 91 + 48, 0 = -2*k - 6. What is the remainder when f is divided by 40?
31
Suppose 5*w = -9*w + 602. Calculate the remainder when 83 is divided by w.
40
Suppose -3*c = -5*u - c + 406, 2*c + 6 = 0. Calculate the remainder when 3357 is divided by u.
77
Suppose -39 = -45*s + 276. Let u(q) = 24*q**3 + 2*q**2 - q. Calculate the remainder when u(1) is divided by s.
4
Let b = -81 + 230. Calculate the remainder when b is divided by 76.
73
Let p = 43 + -44. Calculate the remainder when -14 + 14 + (42 - p) is divided by 11.
10
Let j(m) = -2*m**2 + 28*m + 19. Calculate the remainder when 24 is divided by j(14).
5
Suppose -2*h + 1074 = l, -238*l + 235*l = -h - 3215. Calculate the remainder when l is divided by 5.
2
Suppose -11*p = -15*p + 8. Suppose k = p*n + 22,